e
Does 3 divide 494?
False
Does 18 divide 558?
True
Does 28 divide 2520?
True
Does 40 divide 250?
False
Does 15 divide 452?
False
Does 47 divide 470?
True
Does 54 divide 1512?
True
Is 65 a factor of 416?
False
Is 25456 a multiple of 16?
True
Does 6 divide 717?
False
Does 5 divide 18900?
True
Does 2 divide 32?
True
Is 98 a factor of 9996?
True
Is 25960 a multiple of 284?
False
Does 48 divide 37187?
False
Is 11 a factor of 5159?
True
Does 240 divide 6720?
True
Does 24 divide 1464?
True
Is 84 a multiple of 10?
False
Is 83 a factor of 1711?
False
Is 20 a factor of 5318?
False
Does 4 divide 295?
False
Does 68 divide 272?
True
Is 20 a factor of 23540?
True
Does 18 divide 3816?
True
Is 8066 a multiple of 37?
True
Does 66 divide 1284?
False
Is 2247 a multiple of 7?
True
Does 4 divide 413?
False
Is 19 a factor of 17271?
True
Is 76 a factor of 23256?
True
Is 273 a factor of 15834?
True
Is 11 a factor of 180?
False
Is 45 a factor of 2205?
True
Is 5873 a multiple of 97?
False
Does 9 divide 828?
True
Does 108 divide 324?
True
Is 35 a factor of 1352?
False
Is 40 a factor of 3440?
True
Does 77 divide 770?
True
Is 7372 a multiple of 38?
True
Is 1312 a multiple of 7?
False
Does 5 divide 8005?
True
Is 19 a factor of 371?
False
Does 22 divide 66?
True
Is 324 a multiple of 18?
True
Does 10 divide 560?
True
Is 1645 a multiple of 35?
True
Does 19 divide 1178?
True
Is 7410 a multiple of 78?
True
Does 31 divide 403?
True
Does 6 divide 6048?
True
Is 1312 a multiple of 7?
False
Is 6537 a multiple of 14?
False
Does 26 divide 260?
True
Is 93 a factor of 13206?
True
Is 236 a factor of 65327?
False
Does 58 divide 290?
True
Is 57 a factor of 480?
False
Does 57 divide 912?
True
Is 8 a factor of 280?
True
Is 2 a factor of 222?
True
Is 6 a factor of 4268?
False
Is 25 a factor of 19475?
True
Is 18 a factor of 2484?
True
Is 12 a factor of 627?
False
Does 21 divide 13608?
True
Does 15 divide 900?
True
Does 8 divide 16?
True
Does 3 divide 118?
False
Does 55 divide 989?
False
Does 42 divide 672?
True
Does 145 divide 4459?
False
Is 27 a multiple of 3?
True
Is 28 a factor of 598?
False
Does 66 divide 4018?
False
Is 29 a factor of 22097?
False
Is 2508 a multiple of 22?
True
Is 3 a factor of 121?
False
Is 76 a factor of 11400?
True
Is 63 a factor of 4775?
False
Is 27 a factor of 728?
False
Is 308 a multiple of 28?
True
Does 3 divide 52?
False
Is 17 a factor of 637?
False
Does 32 divide 1999?
False
Does 33 divide 37040?
False
Does 14 divide 16872?
False
Is 4 a factor of 2420?
True
Does 20 divide 380?
True
Does 2 divide 73?
False
Does 12 divide 2988?
True
Is 29484 a multiple of 117?
True
Is 1896 a multiple of 12?
True
Is 875 a multiple of 18?
False
Does 345 divide 56424?
False
Is 6321 a multiple of 7?
True
Is 9810 a multiple of 6?
True
Does 5 divide 14490?
True
Is 2 a factor of 6209?
False
Is 15 a factor of 119?
False
Does 78 divide 15288?
True
Does 4 divide 114?
False
Is 4 a factor of 183?
False
Is 6891 a multiple of 22?
False
Is 10040 a multiple of 40?
True
Does 90 divide 29987?
False
Is 14 a factor of 35896?
True
Is 7 a factor of 1853?
False
Is 49092 a multiple of 12?
True
Is 34 a factor of 1601?
False
Does 42 divide 4370?
False
Is 83698 a multiple of 159?
False
Does 5 divide 1690?
True
Does 25 divide 91500?
True
Is 73 a factor of 48618?
True
Does 79 divide 1931?
False
Is 10 a factor of 1848?
False
Is 418 a multiple of 12?
False
Is 5994 a multiple of 18?
True
Is 3 a factor of 9?
True
Is 132 a factor of 39069?
False
Is 437 a multiple of 21?
False
Is 12 a factor of 228?
True
Does 4 divide 8635?
False
Does 18 divide 54?
True
Is 1725 a multiple of 27?
False
Is 7 a factor of 450?
False
Is 928 a multiple of 36?
False
Does 4 divide 348?
True
Does 5 divide 53?
False
Does 14 divide 14881?
False
Does 15 divide 17220?
True
Is 5 a factor of 30512?
False
Is 15 a multiple of 15?
True
Does 55 divide 825?
True
Does 45 divide 585?
True
Is 29 a factor of 1268?
False
Is 13 a multiple of 13?
True
Does 111 divide 1436?
False
Is 18 a factor of 713?
False
Does 16 divide 30336?
True
Is 57190 a multiple of 70?
True
Does 2 divide 1086?
True
Is 135819 a multiple of 12?
False
Does 52 divide 41972?
False
Does 6 divide 46?
False
Is 16 a factor of 4272?
True
Is 130 a factor of 8450?
True
Is 210 a multiple of 10?
True
Does 41 divide 260?
False
Is 392 a multiple of 4?
True
Does 6 divide 3798?
True
Is 119 even?
False
Is 4138 a multiple of 23?
False
Is 10 a factor of 335?
False
Is 2120 a multiple of 106?
True
Is 73 a factor of 3869?
True
Is 48319 a multiple of 61?
False
Does 23 divide 460?
True
Does 6 divide 300?
True
Is 52 a multiple of 13?
True
Does 59 divide 3599?
True
Is 47 a factor of 166732?
False
Does 38 divide 59052?
True
Is 5534 a multiple of 18?
False
Is 45 a factor of 50095?
False
Does 47 divide 18871?
False
Is 39 a multiple of 2?
False
Is 85966 a multiple of 106?
True
Does 99 divide 297?
True
Is 12 a factor of 468?
True
Is 3 a factor of 13791?
True
Is 6 a factor of 4488?
True
Is 3 a factor of 158?
False
Is 6 a factor of 1822?
False
Is 103 a factor of 4967?
False
Does 7 divide 2436?
True
Is 17654 a multiple of 5?
False
Is 17 a factor of 67?
False
Is 232 a multiple of 8?
True
Is 23 a factor of 759?
True
Does 3 divide 15421?
False
Is 3561 a multiple of 37?
False
Does 23 divide 35972?
True
Is 481 a multiple of 13?
True
Is 1976 a multiple of 19?
True
Is 62163 a multiple of 147?
False
Does 34 divide 41631?
False
Is 10744 a multiple of 158?
True
Is 2856 a multiple of 17?
True
Is 928 a multiple of 29?
True
Is 2030 a multiple of 7?
True
Is 51060 a multiple of 74?
True
Is 16 a factor of 11088?
True
Does 69 divide 10764?
True
Does 24 divide 26181?
False
Does 48 divide 40691?
False
Is 3 a factor of 672?
True
Is 3230 a multiple of 34?
True
Is 5 a factor of 1471?
False
Is 16135 a multiple of 162?
False
Is 21 a factor of 2111?
False
Is 42 a factor of 6678?
True
Is 248 a factor of 9481?
False
Is 5796 a multiple of 61?
False
Does 13 divide 4171?
False
Is 23707 a multiple of 24?
False
Does 95 divide 21769?
False
Does 15 divide 5940?
True
Does 52 divide 1924?
True
Does 7 divide 20445?
False
Is 67932 a multiple of 74?
True
Is 54 a factor of 3216?
False
Is 2014 a multiple of 45?
False
Does 4 divide 1297?
False
Is 7685 a multiple of 57?
False
Does 192 divide 7182?
False
Is 55 a factor of 601?
False
Does 10 divide 1264?
False
Is 2 a factor of 114?
True
Is 15 a factor of 4329?
False
Does 20 divide 44393?
False
Is 29209 a multiple of 9?
False
Is 12 a factor of 768?
True
Is 182 a multiple of 4?
False
Is 2075 a multiple of 23?
False
Does 12 divide 168?
True
Does 14 divide 738?
False
Is 230 a multiple of 5?
True
Is 10710 a multiple of 255?
True
Does 82 divide 34686?
True
Is 89 a multiple of 15?
False
Is 113 a multiple of 38?
False
Is 26 a factor of 546?
True
Does 36 divide 2484?
True
Does 18 divide 7128?
True
Does 5 divide 2885?
True
Is 1492 a multiple of 34?
False
Does 12 divide 6034?
False
Is 50 a factor of 400?
True
Does 76 divide 845?
False
Is 12132 a multiple of 36?
True
Is 1770 a multiple of 30?
True
Is 28 a factor of 998?
False
Is 54396 a multiple of 179?
False
Does 15 divide 2910?
True
Is 25 a factor of 677?
False
Is 2725 a multiple of 25?
True
Is 89 a factor of 10680?
True
Is 17 a factor of 63002?
True
Does 283 divide 26901?
False
Does 5 divide 190?
True
Is 1728 a multiple of 42?
False
Is 20480 a multiple of 32?
True
Is 95 a factor of 29830?
True
Is 41220 a multiple of 60?
True
Is 2767 a multiple of 4?
False
Is 86 a factor of 35518?
True
Is 10 a factor of 1970?
True
Is 3 a factor of 2205?
True
Is 4239 a multiple of 9?
True
Does 16 divide 3616?
True
Is 8 a factor of 208?
True
Does 12 divide 331?
False
Does 5 divide 1075?
True
Is 25 a factor of 1007?
False
Does 20 divide 30507?
False
Does 32 divide 12379?
False
Is 4 a factor of 82?
False
Is 7 a factor of 343?
True
Is 14926 a multiple of 17?
True
Is 180 a multiple of 3?
True
Is 16443 a multiple of 8?
False
Is 108 a factor of 3780?
True
Is 5 a factor of 17806?
False
Does 59 divide 13807?
False
Is 70 a factor of 20790?
True
Is 1351 a multiple of 16?
False
Does 2 divide 615?
False
Is 8840 a multiple of 68?
True
Is 53312 a multiple of 136?
True
Is 17 a factor of 1271?
False
Does 94 divide 68773?
False
Does 236 divide 172280?
True
Is 19559 a multiple of 40?
False
Is 20232 a mult